60 and 420.
140
What is the greatest common factor of 1834 and 56?
14
What is the greatest common divisor of 39 and 12129?
39
What is the highest common divisor of 11390 and 268?
134
What is the greatest common divisor of 22 and 2816?
22
Calculate the greatest common divisor of 33 and 374.
11
Calculate the greatest common factor of 43 and 3053.
43
What is the greatest common factor of 123 and 287?
41
What is the highest common divisor of 36 and 492?
12
What is the highest common factor of 70 and 90?
10
Calculate the highest common factor of 216 and 3456.
216
What is the greatest common factor of 32 and 2644?
4
What is the highest common factor of 1431 and 53?
53
What is the greatest common divisor of 60 and 260?
20
Calculate the highest common factor of 530 and 240.
10
Calculate the highest common factor of 596 and 4.
4
Calculate the greatest common divisor of 70 and 245.
35
Calculate the greatest common factor of 169 and 403.
13
What is the highest common divisor of 28 and 12712?
28
What is the greatest common factor of 78 and 8034?
78
Calculate the greatest common factor of 162 and 144.
18
Calculate the highest common factor of 451 and 123.
41
Calculate the greatest common divisor of 1720 and 200.
40
Calculate the greatest common divisor of 1269 and 675.
27
Calculate the greatest common divisor of 3097 and 19.
19
Calculate the greatest common factor of 800 and 5000.
200
Calculate the highest common divisor of 31 and 11749.
31
What is the greatest common factor of 4161 and 399?
57
What is the greatest common factor of 770 and 616?
154
What is the greatest common divisor of 144 and 696?
24
Calculate the highest common divisor of 12 and 354.
6
What is the highest common divisor of 75 and 200?
25
What is the highest common divisor of 9632 and 43?
43
Calculate the highest common factor of 84 and 1498.
14
What is the greatest common divisor of 702 and 189?
27
What is the highest common divisor of 45 and 1140?
15
What is the highest common factor of 33 and 7887?
33
What is the greatest common divisor of 22652 and 112?
28
What is the greatest common factor of 10962 and 29?
29
Calculate the greatest common factor of 42796 and 52.
52
What is the greatest common factor of 1152 and 36?
36
What is the greatest common divisor of 90 and 54?
18
Calculate the greatest common divisor of 53 and 1537.
53
What is the greatest common factor of 6797 and 21?
7
What is the highest common divisor of 105 and 84?
21
What is the greatest common divisor of 494 and 1?
1
What is the highest common divisor of 230 and 19550?
230
Calculate the highest common factor of 6940 and 20.
20
What is the highest common divisor of 497 and 7?
7
Calculate the greatest common factor of 3580 and 100.
20
What is the highest common factor of 3526 and 86?
86
Calculate the highest common factor of 42 and 12.
6
Calculate the highest common factor of 602 and 344.
86
What is the highest common divisor of 128 and 512?
128
What is the greatest common factor of 729 and 18?
9
What is the highest common factor of 639 and 63?
9
What is the highest common factor of 121 and 5203?
121
What is the highest common divisor of 15 and 285?
15
Calculate the highest common divisor of 48 and 5632.
16
What is the greatest common factor of 3 and 228?
3
What is the greatest common divisor of 23 and 1219?
23
What is the highest common factor of 438 and 12?
6
What is the greatest common factor of 4392 and 610?
122
Calculate the greatest common factor of 300 and 240.
60
What is the highest common divisor of 2 and 2974?
2
Calculate the greatest common divisor of 96 and 36.
12
What is the highest common factor of 85 and 595?
85
What is the greatest common divisor of 2080 and 640?
160
What is the highest common factor of 72 and 5364?
36
What is the highest common factor of 12 and 138?
6
Calculate the highest common factor of 1 and 223.
1
Calculate the highest common divisor of 1150 and 30.
10
Calculate the highest common divisor of 50 and 2800.
50
Calculate the highest common factor of 120 and 855.
15
Calculate the greatest common factor of 26 and 39.
13
Calculate the highest common divisor of 363 and 33.
33
Calculate the greatest common divisor of 11 and 11.
11
Calculate the highest common factor of 15 and 45.
15
Calculate the highest common divisor of 1458 and 18.
18
Calculate the greatest common factor of 4 and 19.
1
Calculate the highest common factor of 72 and 45288.
72
What is the greatest common factor of 9412 and 52?
52
Calculate the highest common divisor of 17 and 527.
17
What is the highest common divisor of 1425 and 600?
75
Calculate the highest common factor of 9 and 27.
9
What is the greatest common divisor of 1484 and 140?
28
Calculate the highest common factor of 5397 and 42.
21
What is the highest common factor of 91 and 65?
13
Calculate the highest common factor of 255 and 615.
15
What is the greatest common factor of 23 and 46?
23
Calculate the greatest common divisor of 7107 and 138.
69
Calculate the highest common divisor of 228 and 6.
6
What is the greatest common factor of 216 and 16?
8
What is the greatest common divisor of 238 and 221?
17
Calculate the highest common factor of 3 and 513.
3
What is the highest common factor of 75 and 840?
15
Calculate the greatest common factor of 1224 and 2499.
51
Calculate the highest common factor of 33 and 143.
11
What is the greatest common divisor of 1176 and 24?
24
Calculate the greatest common factor of 31 and 23777.
31
Calculate the highest common factor of 20 and 20.
20
What is the greatest common divisor of 1 and 51?
1
What is the greatest common factor of 1134 and 3483?
81
What is the highest common divisor of 216 and 27?
27
What is the greatest common factor of 15 and 13935?
15
Calculate the greatest common factor of 2183 and 118.
59
What is the greatest common factor of 340 and 6420?
20
Calculate the highest common divisor of 9 and 162.
9
What is the highest common factor of 88 and 712?
8
Calculate the highest common factor of 486 and 216.
54
What is the highest common factor of 7968 and 12?
12
What is the highest common divisor of 28 and 875?
7
What is the highest common factor of 512 and 112?
16
Calculate the greatest common factor of 23 and 851.
23
What is the highest common factor of 10126 and 166?
166
Calculate the highest common divisor of 4773 and 172.
43
Calculate the highest common divisor of 328 and 41.
41
Calculate the highest common divisor of 15 and 795.
15
What is the highest common divisor of 42 and 1446?
6
Calculate the highest common factor of 49 and 539.
49
Calculate the greatest common divisor of 40 and 568.
8
Calculate the greatest common divisor of 1007 and 106.
53
What is the greatest common divisor of 2250 and 18?
18
What is the highest common divisor of 57 and 1767?
57
What is the greatest common factor of 8076 and 12?
12
What is the highest common divisor of 36 and 1962?
18
What is the highest common divisor of 96 and 384?
96
Calculate the greatest common factor of 416 and 26.
26
What is the greatest common divisor of 667 and 2162?
23
Calculate the greatest common divisor of 237 and 20066.
79
Calculate the greatest common divisor of 243 and 45.
9
What is the highest common divisor of 8 and 584?
8
What is the highest common divisor of 81 and 2727?
27
What is the highest common factor of 429 and 39?
39
Calculate the greatest common divisor of 12 and 12.
12
What is the greatest common divisor of 13 and 31707?
13
Calculate the greatest common factor of 10 and 785.
5
Calculate the highest common divisor of 42 and 35.
7
Calculate the highest common divisor of 705 and 105.
15
What is the highest common factor of 8 and 424?
8
Calculate the greatest common factor of 147 and 392.
49
Calculate the greatest common divisor of 69 and 897.
69
What is the greatest common factor of 189 and 216?
27
What is the highest common divisor of 27 and 36?
9
Calculate the greatest common divisor of 2 and 9.
1
Calculate the highest common divisor of 30 and 31.
1
Calculate the greatest common factor of 390 and 18.
6
Calculate the highest common factor of 387 and 117.
9
What is the greatest common factor of 4025 and 322?
161
What is the greatest common divisor of 2010 and 67?
67
Calculate the greatest common factor of 10 and 5095.
5
What is the highest 